11
What is (0 - (0 + 3)) + 1?
-2
Calculate -1 + 4 + -6 + 4 + 4.
5
Calculate (3 - -2) + (1 - 4).
2
Calculate (-14 - -19) + (5 - (12 + 5)).
-7
What is the value of -23 + 18 - 1 - (-2 - 1)?
-3
Calculate (4 - (0 - 0)) + -1 + -3.
0
What is 10 + -22 + 9 + 1?
-2
What is the value of 3 + (-1 + 3 - 0) + -4?
1
What is the value of 1 - -4 - (-2 - -6) - 1?
0
Evaluate (-32 - -35) + (-2 - 1).
0
What is the value of 5 + (4 - 6) + -3?
0
What is (-4 - -6) + 1 + 2?
5
What is the value of -3 - (0 + -2) - -6?
5
Calculate (-8 - (-1 + (-8 - -3))) + 2.
0
What is the value of (0 - 4 - (73 - 71)) + -3?
-9
What is 1 - (4 + (2 - 5))?
0
Calculate 7 + -6 + (-2 - 3) + 5.
1
Evaluate (5 + -1 + -15 - -3) + 7.
-1
Evaluate 2 + 2 - (7 + (3 - 5)).
-1
What is the value of (5 - (7 + -9 + 4)) + -1?
2
What is the value of -1 - 0 - (-12 + 3 - -13)?
-5
What is -1 - (8 + (-7 - (-1 - 4)))?
-7
Calculate 1 + 2 + 0 - 4.
-1
14 - 5 - 22 - (-1 - 1)
-11
0 + -2 - (-46 + 37)
7
Evaluate 7 + 0 + (-3 - 7).
-3
What is (43 - 47) + (1 - -5)?
2
Calculate (1 - (1 + 1)) + 7 + -1.
5
Evaluate (-7 - -3) + 5 + 2.
3
Evaluate 0 - -11 - (5 + 1).
5
23 - 26 - ((2 - -1) + -8)
2
Evaluate 13 + (-9 - -7) + -7.
4
What is the value of -1 + 1 + 3 - 5 - -2?
0
Calculate 9 + -6 + 6 + -5.
4
-6 - (-4 + (11 - (13 + -7)))
-7
Calculate -12 - (-9 - -6 - 0).
-9
Calculate 2 + 2 + (-2 - (9 - 4)).
-3
(5 - 3) + (-1 + -4 - -3)
0
Evaluate -4 - (-10 - -2) - 7.
-3
-10 + -5 + 11 + (-3 - -2)
-5
What is the value of 1 + (-3 - -4 - 4)?
-2
-2 + (7 - -2) + -14
-7
Evaluate 0 + (0 - -1) + -1.
0
What is the value of (-1 - ((-1 - -5) + -3)) + 1?
-1
What is the value of (6 - (2 + 2)) + 0?
2
Calculate 0 - (-3 + -1 - (21 + -20)).
5
Calculate 21 + -22 + -1 + 1.
-1
Calculate -4 + 3 - (-2 + 2 + -5).
4
What is (5 + -5 - 4) + -1 + 7?
2
Calculate 6 + 0 + 0 - 10.
-4
Evaluate -1 + 1 + -7 + -16 + 27.
4
Evaluate 2 - (-1 - -3 - -1) - 4.
-5
-18 + (16 - 2) + 3
-1
Evaluate 0 + 2 + (0 - -1) + -5.
-2
Evaluate (4 + -1 - 7) + 12.
8
Calculate 0 + -2 - (0 + -3).
1
Calculate 8 - (-3 + (9 - 4) + 1).
5
Calculate 3 - (-1 - -10) - (-10 - -7).
-3
Evaluate 3 - (1 - 6 - -13).
-5
What is the value of -9 + 7 + 1 + 1 + -1?
-1
3 - (-2 + 8 - (1 - -7))
5
Calculate 1 - 4 - (-6 + 1).
2
Evaluate 0 + (-4 + 7 - 4).
-1
Calculate -3 + (-1 - -14 - (35 - 28)).
3
Evaluate 0 - (4 + 1 - 2) - 2.
-5
Calculate -5 + 0 - 6 - (2 + -7).
-6
Evaluate -7 - (-1 + 1 + -6).
-1
What is -12 + 2 - (-7 + 2)?
-5
Calculate 5 + (2 - 3 - -4) - 3.
5
-4 - (-8 + (7 - 12) + 3)
6
What is the value of 0 + (-4 - -8 - 2)?
2
(4 - 2) + 1 - (3 - -1)
-1
-7 - (-7 - -8) - -8
0
Evaluate -10 - 3 - -6 - -10.
3
What is -20 + (-11 - -21) + 0?
-10
Calculate -3 + (3 + -5 - 1).
-6
What is the value of (-5 - -2) + 7 + -3?
1
Evaluate -7 + 8 + (9 + 1 - 2).
9
What is the value of (-1 - 6) + 3 + -2 + -5?
-11
Evaluate 15 - 19 - (1 + -3).
-2
Evaluate -1 + (-4 + 5 - 2).
-2
What is the value of -13 + -7 + (9 - -6)?
-5
Calculate 3 + 0 - (-3 - -4).
2
-1 + (-2 - (4 + -6)) + 5
4
Evaluate -1 - (10 - (17 - 11)).
-5
What is -4 - (-2 + 2 + 0)?
-4
Calculate 8 - (-5 + 4 - -9).
0
4 + -2 - ((-3 - 1) + 1)
5
Evaluate (-2 - -2) + -8 - (14 + -18).
-4
What is the value of 1 + 1 + 0 + (-6 - -3)?
-1
Calculate -2 + -2 + (2 - -1).
-1
What is the value of 5 - (1 - 0 - 0)?
4
Evaluate 2 - 1 - ((7 - 5) + 1).
-2
Evaluate -3 + (-6 - -4) + 0 + -4.
-9
What is 1 + 0 + 3 - (5 + -2)?
1
Calculate 2 - (4 - (6 - (4 - 2))).
2
Calculate -11 + 7 + (2 - (1 + -8)).
5
What is 0 + -1 + -2 + 5?
2
What is the value of -1 + (5 + (-3 - 7) - -2)?
-4
Calculate (1 - 10) + (-10 - (12 - 24)).
-7
Evaluate (0 - 11) + -34 + 46.
1
Evaluate -4 + (12 - 7) - 4.
-3
-5 + (-1 - (2 + -2) - -4)
-2
What is (-5 - -3 - 4) + 2?
-4
-18 - (-12 + 11 + -9)
-8
What is -5 + -9 - (-10 + 2)?
-6
Evaluate (10 - 5 - 4) + 0.
1
What is the value of -2 - (-1 + (1 - -2)) - -1?
-3
Evaluate 6 + -2 + (-1 - 1) + -2.
0
Evaluate 4 + -4 + 0 - 1.
-1
0 + (1 - -1 - 3) - -1
0
Calculate -3 - -2 - -3 - 4.
-2
(3 - -1) + (-7 - -1)
-2
What is the value of 32 + -38 + (-1 - -6) - -5?
4
Evaluate 12 + -4 + (-3 - -2).
7
3 + 0 + 3 + -1 + -2
3
What is the value of -13 + (6 - (6 - 10))?
-3
What is (-4 + -5 - -7) + (1 - 1)?
-2
-11 - (-25 + 9 + 15)
-10
Calculate -3 - (1 + -3 - -5 - 9).
3
Calculate 3 - (-1 - (-2 + -2)).
0
Evaluate -4 - (1 - (12 - 4)).
3
What is -2 + 8 + -3 - 2?
1
What is the value of -1 + 9 + -3 - 11?
-6
Calculate 2 - (-3 + (2 + 2 - -1)).
0
Evaluate (29 - 34) + -1 + 15 + -3.
6
What is the value of (23 + -11 - 7) + -3 + 1?
3
-7 - (0 - (-4 - 2)) - -4
-9
What is the value of -3 + 4 + -5 + 3?
-1
Calculate 3 - (-5 + -1 - -8).
1
Calculate 8 + 0 + -15 + 7 + 6.
6
Calculate 2 - 7 - (-3 - -2).
-4
Evaluate 0 - (3 + (-1 - 6)) - -5.
9
What is the value of 0 - (0 + -5 + 2 + -1)?
4
Evaluate -5 - (-1 - 2) - (-4 + 3).
-1
What is (-8 - (2 + -13)) + -1 + -5?
-3
What is -14 - (19 + -37) - (0 - 1)?
5
Evaluate 2 + 2 - (0 - 0).
4
(34 - 25) + 0 + -12
-3
What is the value of -5 - (-4 - 4) - 3?
0
Evaluate (-4 - (-12 + 1)) + -3.
4
What is -4 - -5 - ((-4 - -2) + 6)?
-3
What is -5 + 12 + -2 + -9?
-4
(-14 - -19) + -3 + 1
3
Evaluate (9 - (-12 - -13)) + -6.
2
What is (-8 - 1) + (-1 - 0) + 5?
-5
What is the value of -7 + 6 + 1 + -2?
-2
Evaluate (1 - -4) + 2 + -19 + 19.
7
What is -2 - (4 - 10) - 5?
-1
What is the value of (-4 - -8) + 0 - (12 + -4)?
-4
Calculate 5 - (-4 + 4) - 5 - -1.
1
What is the value of 3 - (0 - -1 - 3) - 8?
-3
(5 - 5 - 7) + 2
-5
-2 + 0 + 9 + -7 + -3
-3
Evaluate -3 + 8 + (-3 - (-4 + 2)).
4
Evaluate -2 + -3 + 12 + (-6 - 0).
1
What is 2 + (0 - -1) + -472 + 470?
1
What is the value of 5 + (2 - 12) + 3 + 3?
1
Evaluate -1 + (12 + -4 - 11).
-4
What is -3 - (-4 + 2) - (-1 - 4)?
4
What is the value of -3 + (6 - (13 + -7 + 0))?
-3
What is -2 + -5 + 3 + 5 + -2?
-1
(-2 - -2) + (3 - (0 - -6))
-3
-2 + (5 - 2) - 0
1
Evaluate (11 - 2) + (5 - 8).
6
What is -3 + 12 + -1 + -3?
5
Evaluate 9 + 0 + 47 + -58.
-2
Evaluate 0 + (-9 - -10 - -4).
5
Evaluate (0 - 0) + (8 - 13).
-5
Calculate -3 - 5 - (-22 - -14).
0
What is 2 + (3 - (3 + 1)) + 0?
1
What is the value of 7 - ((6 - -1) + -4)?
4
What is -6 + -1 + -12 + 10 + 7?
-2
Calculate 7 + (36 - 39 - (5 + -2)).
1
What is the value of 1 + 5 - (9 - 8)?
5
Calculate -10 + 19 + (-9 - -2).
2
What is -5 + -9 - -6 - -3?
-5
What is -3 - (-4 + (2 - -2))?
-3
Evaluate (-7 + 4 - (-2 - -2)) + 8.
5
What is the value of 230 + -241 + -1 + 16?
4
Calculate 6 - (4 - (2 + -6)).
-2
Evaluate -5 - (-47 + 52 + (-1 - 6)).
-3
What is the value of -4 + 4 + 1 + 4?
5
What is -4 + -1 + 2 + 7?
4
Calculate -6 + 1 + (4 - 0).
-1
What is the value of 3 + 2 + -1 + 2 + -3?
3
What is (-6 - -8 - 3) + 1?
0
What is the value of (2 - 11) + 6 + -1 + 2?
-2
Calculate -7 - (0 - 0 - 7).
0
Evaluate 11 + -2 - (7 + -3).
5
Evaluate -1 + 1 + (15 - 13) - 1.
1
(2 - 0) + -1 + -2 - 0
-1
What is -2 + -6 + 6 + 5?
3
Calculate -4 + (-1 - (-1 + -2)) + 6.
4
What is the value of 4 - (2 - 6 - -4)?
4
Calculate (-1 - (2 - 0)) + 4.
1
Evaluate -8 - -10 - (-5 + 7 + -2).
2
Evaluate -3 + (-12 - -7) + -2.
-10
7 + -5 + 2 + -20 + 14
-2
Calculate -13 + 8 - (0 + 2 + -3).
-4
What is -6 + 4 - (-5 - -1 - 1)?
3
Evaluate (-55 - -46) + -2 + (0 - -6).
-5
What is the value of -1 + -2 - 3 - -3?
-3
What is 4 - (6 + (13 - 13))?
-2
What is the value of 4 - (2 - (-10 + 8))?
0
What is the value of 9 - 4 - (5 + 2 + -4)?
2
Calculate -9 - (-7 + -2 + 3).
-3
Calculate 27 - 33 - 0 - (1 + -8).
1
Calculate -3 + 5 + (1 - 0).
3
What is the value of 3 + 1 + -1 - (-1 - -2)?
2
Calculate -1 - (-3 + 6 + -2).
-2
-8 + 7 - -1 - 0
0
Calculate -17 + 9 + -6 + 8.
-6
(3 - -2) + -5 + 3
3
What is -6 + (2 + -5 - -7 - 2)?
-4
What is 4 + 2 + -8 + 2?
0
Calculate (2 + 2 - -7) + (-7 - -2).
6
What is the value of -3 + 4 + -9 + 3 + -1?
-6
2 + (-9 - -5) + (0 - -3)
1
0 + 1 + (1 - 3) + -1
-2
-4 + 17 + (-5 - -1) + -3
6
-11 - ((0 - 2) + 4 + -5)
-8
What is the value of (0 - 2) + -2 + -4 + 3?
-5
Calculate (1 - 1) + -19 + 20 + -4.
-3
What is 1 - 5 - -4 - 2?
-2
What is the value of 4 + (3 - (4 - -6))?
-3
What is the value of 2 - (4 + 0) - (21 + -16)?
-7
-2 + (2 - (-4 - -1) - -2)
5
Evaluate 8 + -11 + (4 - (-1 + 1)).
1
What is 231 + -230 + (0 - (-1 - -1))?
1
What is (1 - 1 - 3) + -4 + 4?
-3
Evaluate 2 + (-2 + 0 - -2).
2
Evaluate 0 + 2 + -10 - -4.
-4
3 + (1 + -10 - -1)
-5
What is 11 + -7 + (0 - 3) + 3?
4
What is the value of -20 + 11 + 3 + 0?
-6
Calculate -2 